 2 - 3. Suppose -c + 0 - 5 = 4*r, -5*c = 5. Calculate the remainder when 23 is divided by z(r).
11
Let m = -25 + 35. Suppose -22 + m = -4*a. Let l = -29 + 35. Calculate the remainder when l is divided by a.
0
Suppose -68*f + 320 = -66*f. Suppose 0 = 5*m + 4*z - f, 4*z = 3*z. Let r = -7 - -24. Calculate the remainder when m is divided by r.
15
Let n be -1 + (-3)/3 - -114. Suppose -8*q + n = -4*q. Suppose -261 = -6*s + 63. Calculate the remainder when s is divided by q.
26
Suppose 10*c = -35 - 25. Let v(x) = -x**3 - 4*x**2 + 3*x + 4. What is the remainder when v(c) is divided by 12?
10
Let o(r) = 16 + 14*r**2 + 0*r**3 - 19*r**2 - 4*r - r**3 - 3. Calculate the remainder when o(-7) is divided by 20.
19
Let b(h) = -2*h**2 - 13*h + 9. Suppose -41 = -6*p + p - 3*f, -5*f - 25 = -5*p. Calculate the remainder when p is divided by b(-7).
1
Suppose 0 = 14*q + 15 - 295. Let g = 121 - 42. What is the remainder when g is divided by q?
19
Suppose -4*l + 138 = -2*l. Let a(j) = j**3 - 12*j**2 - 13*j + 4. Let n be a(13). Suppose n*y - 1 = 95. Calculate the remainder when l is divided by y.
21
Let n(j) = 3*j**2 - 3*j + 3. Let q be n(10). Suppose q = -6*a + 39. What is the remainder when 21 is divided by a/(-6) + 1/(-2)?
3
Suppose -4*l - 10 = -b, 0 = -37*b + 42*b - 5*l - 20. What is the remainder when 8 is divided by b?
0
Let x(p) = -8*p**3 + p**2 - 2. Let l = 100 + -101. Calculate the remainder when (12 + 0 + -1)*1 is divided by x(l).
4
Suppose 0 = -101*x + 99*x + 132. Calculate the remainder when x is divided by 5.
1
Let s(y) = 5*y**2 - 4*y. Let f = -1046 + 1079. Calculate the remainder when s(4) is divided by f.
31
Suppose -6*d - 20*d + 3614 = 0. Calculate the remainder when d is divided by 14.
13
Suppose 48*j - 118 - 170 = 0. What is the remainder when 14 is divided by j?
2
Suppose 0 = -2*o + 2*g + 186, -85 = -o - 26*g + 25*g. What is the remainder when o is divided by 4/18 - (-268)/9?
29
Suppose 12*o = 19 + 125. Suppose -2*a - 5*a + 238 = 0. What is the remainder when a is divided by o?
10
Suppose 3*l + 4*r = -2*l + 98, 2*r + 86 = 5*l. Suppose 3*m + 2*m - 350 = 0. What is the remainder when l is divided by (-10)/m - (-36)/7?
3
Suppose -11 = 17*f - 232. What is the remainder when 165 is divided by f?
9
Let h = 591 + -529. What is the remainder when 69 is divided by h?
7
Let k(x) = 6*x - 1. Suppose -8*r + 13*r - 15 = 0. What is the remainder when k(r) is divided by 15/1*(-2)/(-5)?
5
Suppose -26 = -3*t - 2. Let v = -2 - 0. Calculate the remainder when 16/1 + v/1 is divided by t.
6
Let h be (10/15)/((-4)/(-2358)). Let a be 4/(-6)*h/2. Let t = 197 + a. What is the remainder when t is divided by 23?
20
Suppose 60 = 3*k - 2*r + 18, -2*k - 2*r = -28. Suppose -p = p - k. Suppose -o + 5*z + 43 = 0, o + 4*z - p = -0. What is the remainder when o is divided by 6?
5
Let c(p) = 3*p**2 + 4 - p**2 + 6*p**2 + 4*p. Let x(q) = q**2 - q - 4. What is the remainder when c(-2) is divided by x(-4)?
12
Let h = 16 + -10. Suppose -a - h + 15 = 0. What is the remainder when a is divided by 4?
1
Let o be 6/(2/(-2) + 210/228). Let d = o + 88. What is the remainder when d is divided by 7?
5
Let v = 23 + -23. Suppose 0 = r - 4 - v. What is the remainder when r is divided by 2?
0
Let f(p) = p**3 + 13*p**2 - 4*p - 17. Suppose 0 = 2*x - x + 13. What is the remainder when 69 is divided by f(x)?
34
Let f(w) = 3*w + 4. Let r = 50 + -46. What is the remainder when f(r) is divided by 6?
4
Suppose 2 = -9*u + 10*u. Suppose -11*i = -12*i + 52. Calculate the remainder when i is divided by u*6 + 8/4.
10
Let d(y) = -2*y**3 - 2*y**2 + y - 2. Suppose 4*b + 3*o = 61, -b - 2*o + 26 = 12. Calculate the remainder when b is divided by d(-2).
0
Let t(z) = -6*z - 37. Calculate the remainder when 178 is divided by t(-9).
8
Let t(o) = -1340 - o + 1340 + o**2. Calculate the remainder when 8 is divided by t(3).
2
Let r(b) = b + 9. Let k be r(-9). Suppose 46 = f + h, 0 = f - k*h + 2*h - 48. Calculate the remainder when f is divided by 12.
8
Let j(l) = -l**2 + 8*l + 38. Let q be j(-6). Let d = 56 + q. What is the remainder when 16 is divided by d?
6
Let r(k) = k + 21. Let s be -12 - (-5)/((-20)/(-16)). Calculate the remainder when r(s) is divided by 7.
6
Let l(b) = b**3 + 3*b**2 - 2*b - 1. Calculate the remainder when 31 is divided by l(-3).
1
Let u(d) = 136*d**3. Calculate the remainder when u(1) is divided by ((1 + -4)*(-1)/(-3))/((-321)/6420).
16
Suppose 73 - 45 = 2*m. What is the remainder when (-282)/(-1)*2/6 is divided by m?
10
Suppose 5*y - g = 752, 0 = -4*y - 0*g + 4*g + 592. Suppose 5*p - 54 = y. What is the remainder when p is divided by 14?
13
Suppose -2*g = -5*f + 23, 0 = 2*f + 4*g - 3*g - 2. Suppose w + 5*a = 4*w - 207, a = f. Let m(b) = 11*b - 3. What is the remainder when w is divided by m(2)?
17
Let y(d) = -7*d**3 + 2*d**2 + 2*d + 1. Let l = -32 - -33. Calculate the remainder when y(-1) is divided by l*(-2 - (-11 + 4)).
3
Let m be 12*(15/(-9) - -1). Let c be m/(-20) + 396/(-15). Let y = 37 + c. Calculate the remainder when 31 is divided by y.
9
Let a(q) = -13*q - 1. Suppose -5*l - 13 = x - 94, 4*l = 5*x - 492. Calculate the remainder when x is divided by a(-2).
21
Let c(b) = 4*b**3 + 3*b**2 + 2*b + 6. Let o be c(4). Let y(l) = 36*l + 8. Let j be y(6). Let u = o - j. What is the remainder when u is divided by 24?
22
Let q = 17 + -13. Calculate the remainder when (-1 - 699/(-15)) + q/10 is divided by 16.
14
Suppose n + 128 = 5*t - 0*n, 4*t - 114 = -5*n. What is the remainder when 37 is divided by (-1)/(1*(-2)/t)?
11
Let t = 829 - 804. What is the remainder when 65 is divided by t?
15
Let a = -1419 - -1664. What is the remainder when a is divided by 9?
2
Suppose 23*b = 16*b + 2436. What is the remainder when b is divided by 13?
10
Suppose 5*c - 19 = -2*t, 5*t - 2*c - 12 - 50 = 0. Let j be (-21)/3 + 1 + 0. Let p(o) = -o**2 - 13*o + 3. Calculate the remainder when p(j) is divided by t.
9
Let t(x) = x**3 - 81*x**2 + 157*x + 104. Calculate the remainder when 523 is divided by t(79).
23
Let m be ((-6)/(-4))/(1/(-2)). Let y be (18*3)/m - 0. Calculate the remainder when ((-292)/6)/(12/y) is divided by 25.
23
Let y be 0*(1 - 6/4) + 2. What is the remainder when 47 is divided by y/(-8 - 0) - (-194)/8?
23
Let a(m) = 16*m**2 + m - 2. Let p = -13 + 14. Calculate the remainder when 192 is divided by a(p).
12
Suppose -2*v - 3*v = 5*h + 50, -5*h = -5*v + 10. Let w(g) = -3*g - 14. Let q be w(h). Suppose 2*z + 0 - q = 0. What is the remainder when 6 is divided by z?
0
Suppose 7556 = 21*t - 46. What is the remainder when t is divided by 91?
89
Suppose o - 140 = -3*o. Let n = 199 - 181. Calculate the remainder when o is divided by n.
17
Let n(q) = q**2 + 16*q - 28. Let x be n(-18). Suppose -85 = -13*z + x*z. What is the remainder when 84 is divided by z?
16
Suppose -50 = -2*w - 4*b, 5*w - 52 - 38 = -3*b. Suppose 4*h - j - 1398 + 411 = 0, 0 = -5*j - w. Calculate the remainder when h is divided by 19.
18
Calculate the remainder when (-34)/3*(0 - 63/6) is divided by 11.
9
Let f = -146 - -63. Let p = f - -149. Suppose -2*x = 4*a - 54, -3*x = 10*a - 12*a - 65. What is the remainder when p is divided by x?
20
Let v be 8*(-11)/((-55)/(-80)). Let z = 160 + v. Calculate the remainder when z is divided by 17.
15
Let x = -137 + 129. What is the remainder when 53 is divided by ((-484)/x)/11*2?
9
Suppose 5*x = 3*x + 46. Suppose -10*b + 12*b + 10 = 0. Let i(t) = -t**3 - 5*t**2 - 12*t - 15. Calculate the remainder when i(b) is divided by x.
22
Let v(t) = t**3 - 10*t**2 + 8*t + 5. Let c be v(10). Suppose -3*i - 2*i - 3*g = -120, -5*i + 4*g = -c. What is the remainder when 73 is divided by i?
10
Let p = -22 + 34. Let t(b) = 0 + 2 + 13 - b - 1. What is the remainder when 6 is divided by t(p)?
0
Suppose 65*g - 63*g - 142 = -2*h, 3*g + 5*h - 205 = 0. What is the remainder when 1123 is divided by g?
73
Let q = -213 - -563. Calculate the remainder when q is divided by 88.
86
Let s(k) = k + 85. Suppose -3*v + 49 = 10. What is the remainder when s(-22) is divided by v?
11
Let r = 180 - -222. Suppose -r = -8*z - 154. Suppose -2*b + 48 = -i, 0 = -b - 2*i - i + z. What is the remainder when 49 is divided by b?
24
Let u be 207/11 + 4/22. Suppose -24*i = -u*i - 45. Calculate the remainder when 15 is divided by i.
6
Suppose 0 = -t + 3*p + 16, -3*t -